16
-14c
3263 (base 9) to base 14
c3c
-20031 (base 5) to base 4
-103302
-33485 (base 9) to base 6
-251035
What is 1a0d (base 16) in base 8?
15015
476 (base 8) to base 12
226
230530 (base 7) to base 3
2002100121
1220000 (base 3) to base 9
1800
What is -1023200 (base 4) in base 13?
-2279
Convert 52134 (base 7) to base 3.
122111210
Convert -3216 (base 10) to base 5.
-100331
2330 (base 5) to base 8
524
5a (base 11) to base 7
122
-20823 (base 11) to base 16
-7643
What is 134 (base 10) in base 5?
1014
-21b9 (base 14) to base 8
-13327
Convert 6221 (base 10) to base 5.
144341
-3255 (base 12) to base 16
-15a1
What is 10010111001 (base 2) in base 15?
559
-357 (base 11) to base 9
-522
d345 (base 16) to base 2
1101001101000101
-101010002 (base 3) to base 14
-2989
Convert a3a9 (base 14) to base 15.
8537
Convert 3631 (base 10) to base 3.
11222111
What is 10275 (base 13) in base 4?
13011003
304 (base 13) to base 11
425
-100101110 (base 2) to base 13
-1a3
-a05c (base 16) to base 10
-41052
Convert -10000120021 (base 3) to base 7.
-335233
17246 (base 13) to base 8
126460
What is -d2 (base 16) in base 7?
-420
Convert -10f7 (base 16) to base 10.
-4343
Convert -20c9 (base 13) to base 6.
-33035
What is -2534 (base 6) in base 13?
-39a
What is -3061 (base 10) in base 12?
-1931
7896 (base 12) to base 7
53646
What is 3203 (base 7) in base 15?
505
What is 3451 (base 7) in base 12?
891
Convert 10140 (base 6) to base 3.
1212020
What is -13114 (base 6) in base 16?
-7c6
72 (base 16) to base 7
222
494 (base 10) to base 4
13232
What is 14414 (base 5) in base 13?
73c
-1375 (base 8) to base 4
-23331
Convert b2c (base 14) to base 10.
2196
Convert 23 (base 11) to base 14.
1b
What is -11223130 (base 4) in base 14?
-8696
What is 1552 (base 6) in base 2?
110101100
Convert 6616 (base 9) to base 10.
4875
What is 7110 (base 14) in base 13?
8ab9
Convert 43110 (base 5) to base 13.
1426
Convert 727 (base 12) to base 6.
4451
-3555 (base 6) to base 8
-1537
13320 (base 11) to base 13
8870
What is 10023 (base 5) in base 4?
21332
What is 27a (base 12) in base 15?
1a7
-602 (base 12) to base 6
-4002
What is 1030232 (base 4) in base 6?
34422
Convert -201 (base 7) to base 6.
-243
-93a (base 11) to base 12
-7a4
-110000100001 (base 2) to base 5
-44410
Convert 359 (base 13) to base 14.
2d7
What is -132030 (base 4) in base 8?
-3614
What is 409ba (base 12) in base 3?
11021202021
-106 (base 14) to base 10
-202
-444 (base 5) to base 7
-235
100011 (base 3) to base 11
205
Convert 101012 (base 6) to base 13.
3845
205465 (base 7) to base 14
cd6c
Convert 100001110011 (base 2) to base 5.
32123
What is -134423 (base 6) in base 15?
-3b5c
5754 (base 13) to base 16
2fcd
What is 11532 (base 7) in base 6?
21540
Convert -5f5 (base 16) to base 6.
-11021
What is -11c45 (base 15) in base 12?
-28a25
What is -10001001101 (base 2) in base 8?
-2115
-174 (base 14) to base 16
-12a
What is 4430 (base 6) in base 3?
1102000
181e (base 15) to base 14
1c7a
What is -534 (base 9) in base 6?
-2004
What is -4767 (base 8) in base 15?
-b51
What is 1111 (base 2) in base 5?
30
What is -13002 (base 5) in base 16?
-3ea
What is -430 (base 5) in base 7?
-223
Convert 47500 (base 10) to base 3.
2102011021
What is -1010011011 (base 2) in base 14?
-359
Convert -2ba (base 12) to base 8.
-656
What is b7c (base 14) in base 9?
3087
Convert 21541 (base 8) to base 12.
52a9
What is 47033 (base 8) in base 10?
19995
655 (base 15) to base 16
596
What is 442 (base 11) in base 8?
1022
What is 310 (base 7) in base 2?
10011010
-e2 (base 15) to base 4
-3110
What is -339 (base 12) in base 14?
-261
What is -242102 (base 5) in base 15?
-2a1c
38068 (base 9) to base 7
134366
What is 11341 (base 8) in base 7?
20043
What is 10011110010 (base 2) in base 11?
a51
Convert 1603 (base 14) to base 6.
30055
7162 (base 9) to base 10
5240
Convert -5407 (base 14) to base 11.
-a9a2
50c (base 13) to base 4
31121
cb (base 16) to base 13
128
110453 (base 7) to base 6
230002
What is 100011101101 (base 2) in base 14?
b93
-32d5 (base 14) to base 3
-110002100
Convert -352305 (base 6) to base 16.
-7691
What is -12630 (base 10) in base 3?
-122022210
What is -138 (base 10) in base 7?
-255
What is -5374 (base 8) in base 7?
-11125
What is -43364 (base 7) in base 3?
-112211222
What is 2556 (base 15) in base 12?
4730
Convert 1232031 (base 4) to base 5.
211203
Convert 12010122 (base 4) to base 14.
90b8
-19a (base 13) to base 14
-172
What is -1400 (base 8) in base 2?
-1100000000
Convert -20129 (base 10) to base 3.
-1000121112
-1309 (base 14) to base 9
-4522
Convert -17b1 (base 12) to base 16.
-b35
What is -3141210 (base 5) in base 16?
-cdc8
-1021 (base 3) to base 7
-46
Convert -11222122 (base 3) to base 4.
-320303
-31767 (base 10) to base 7
-161421
What is -1112200211 (base 3) in base 13?
-10ab3
202202 (base 3) to base 8
1060
What is -30412 (base 7) in base 14?
-29b2
What is 22432 (base 5) in base 15?
72c
39bc (base 15) to base 4
3000213
-517 (base 9) to base 16
-1a5
Convert -1c3 (base 15) to base 10.
-408
-1010101110 (base 2) to base 13
-40a
Convert -10973 (base 13) to base 10.
-30176
What is -a60 (base 12) in base 9?
-2060
What is -92a (base 16) in base 4?
-210222
Convert 24322 (base 5) to base 9.
2461
Convert 320115 (base 6) to base 12.
1303b
What is 1436a (base 12) in base 3?
1102122001
What is 111101111010 (base 2) in base 4?
331322
What is -110421 (base 6) in base 5?
-243404
What is 432230 (base 5) in base 2?
11100101100010
Convert -110101001001110 (base 2) to base 6.
-325554
210210 (base 3) to base 7
1500
What is 21333 (base 6) in base 7?
11364
Convert -dae (base 15) to base 9.
-4212
11000110111 (base 2) to base 5
22331
What is 989 (base 11) in base 14?
60a
What is 304 (base 16) in base 4?
30010
What is -10ab4 (base 12) in base 6?
-251144
Convert -4267 (base 10) to base 8.
-10253
Convert -10011100110 (base 2) to base 11.
-a40
Convert d7d6 (base 14) to base 3.
1220001222
What is -131113 (base 6) in base 3?
-121100200
What is -793 (base 10) in base 2?
-1100011001
-32010 (base 6) to base 3
-12221020
Convert 957 (base 10) to base 14.
4c5
Convert 3313 (base 6) to base 5.
11030
-d6b (base 16) to base 4
-311223
Convert 10011 (base 2) to base 6.
31
What is 40b (base 14) in base 10?
795
Convert 47878 (base 11) to base 7.
404655
What is -130c (base 16) in base 8?
-11414
Convert 386 (base 14) to base 8.
1302
What is 227 (base 9) in base 6?
511
Convert -1b5b (base 15) to base 13.
-2918
-2103203 (base 4) to base 7
-36350
Convert 1020202012 (base 3) to base 16.
601a
Convert -11742 (base 10) to base 12.
-6966
-1232 (base 5) to base 16
-c0
1211201 (base 3) to base 2
10100111110
Convert 164c (base 15) to base 7.
16662
What is 1670 (base 14) in base 2?
111110110010
Convert 15d2 (base 16) to base 6.
41510
-5128 (base 9) to base 4
-322220
4917 (base 10) to base 7
20223
What is 111222 (base 3) in base 14?
1cd
1011111 (base 3) to base 6
3534
Convert -1ab07 (base 12) to base 6.
-503211
Convert 2221010 (base 3) to base 11.
1672
-170624 (base 8) to base 9
-103745
269 (base 12) to base 5
2434
-345310 (base 7) to base 8
-170706
What is -1050 (base 10) in base 11?
-875
Convert 992 (base 10) to base 14.
50c
648 (base 11) to base 9
1054
1000 (base 8) to base 6
2212
Convert 4847 (base 10) to base 11.
3707
What is -15072 (base 9) in base 7?
-41642
What is -250212 (base 7) in base 3?
-2022201120
1290 (base 12) to base 5
31444
Convert abc2 (base 13) to base 2.
101110110110011
Convert -253 (base 7) to base 10.
-136
Convert 537 (base 9) to base 7.
1165
What is -2146 (base 13) in base 7?
-16321
What is 2ba (base 12) in base 14?
22a
Convert 2001112 (base 3) to base 4.
113123
What is 22200 (base 3) in base 13?
150
Convert 232451 (base 6) to base 12.
b727
-1448a (base 13) to base 12
-1a0a3
What is 63505 (base 10) in base 3?
10020010001
Convert -1001100 (base 2) to base 11.
-6a
Convert 10001000010 (base 2) to base 6.
5014
What is -150 (base 8) in base 3?
-10212
What is -130 (base 13) in base 6?
-544
-4432 (base 5) to base 15
-2b2
Convert -1000001111 (base 2) to base 16.
-20f
153246 (base 8) to base 6
1102222
What is -1000101001100011 (base 2) in base 11?
-24687
313660 (base 7) to base 4
31032223
-629 (base 11) to base 5
-11012
424021 (base 5) to base 6
150005
Convert -1303 (base 9) to base 16.
-3cf
-541033 (base 6) to base 1